s 1638823 prime?
False
Is 9220829 composite?
False
Is 118332521 a prime number?
False
Is 237054947 a composite number?
False
Is 237356269 prime?
False
Is 2234509 a prime number?
False
Is 323893621 a composite number?
False
Is 78912433 a composite number?
False
Is 78460799 composite?
True
Is 40529605 a composite number?
True
Is 1021949 composite?
True
Is 61054243 composite?
True
Is 5700653 a composite number?
True
Is 635777 a prime number?
True
Is 1050281 a composite number?
False
Is 1817429 prime?
False
Is 15637099 a prime number?
True
Is 7080139 composite?
True
Is 15695089 prime?
True
Is 7485443 a composite number?
True
Is 44323897 a composite number?
False
Is 1135867171 composite?
False
Is 1270897 composite?
False
Is 190517203 composite?
False
Is 12726419 a composite number?
True
Is 17244169 composite?
False
Is 5196097 a composite number?
False
Is 71552863 a prime number?
True
Is 27004951 composite?
False
Is 459593 a composite number?
False
Is 935927 a composite number?
True
Is 359015365 a prime number?
False
Is 1575517 a prime number?
True
Is 21688762 prime?
False
Is 1419961 a composite number?
False
Is 169343399 a composite number?
False
Is 21510877 composite?
True
Is 10157681 prime?
True
Is 32922209 a composite number?
False
Is 45147959 composite?
False
Is 59551013 a composite number?
False
Is 10417721 prime?
False
Is 1112167 a composite number?
True
Is 40738559 a prime number?
False
Is 18313903 a composite number?
False
Is 99908587 prime?
False
Is 2631891 composite?
True
Is 42784163 a composite number?
True
Is 4825169 prime?
True
Is 1718753 prime?
False
Is 7911037 a prime number?
True
Is 1788335 a composite number?
True
Is 17936222 prime?
False
Is 565855 prime?
False
Is 17516951 prime?
True
Is 83022141 a prime number?
False
Is 41939201 a composite number?
True
Is 251151 a prime number?
False
Is 43792054 composite?
True
Is 15075497 a composite number?
False
Is 32705903 prime?
True
Is 315145 a composite number?
True
Is 4245743 a composite number?
False
Is 7994903 a prime number?
False
Is 13583771 prime?
False
Is 72564047 a composite number?
False
Is 225089023 a composite number?
True
Is 12660583 a prime number?
False
Is 13927297 a prime number?
True
Is 66810827 a prime number?
False
Is 65332217 a prime number?
True
Is 11581 a composite number?
True
Is 23414777 prime?
False
Is 52346123 a prime number?
True
Is 7413689 a prime number?
True
Is 59848999 a composite number?
True
Is 46004767 composite?
False
Is 5435735 composite?
True
Is 4794239 a prime number?
True
Is 53997967 a prime number?
False
Is 1887467 composite?
True
Is 149993 composite?
False
Is 297576629 a prime number?
False
Is 301010893 composite?
True
Is 2681587 composite?
True
Is 638813141 composite?
False
Is 3645049 a prime number?
True
Is 12819773 composite?
False
Is 72180547 prime?
True
Is 184547287 a prime number?
False
Is 2131651 a composite number?
False
Is 3041345 prime?
False
Is 1019213 prime?
False
Is 60171581 prime?
False
Is 202199617 a prime number?
True
Is 192618229 a composite number?
False
Is 1126253567 a composite number?
False
Is 22474957 composite?
True
Is 80342635 composite?
True
Is 2469149 a composite number?
False
Is 65207 composite?
True
Is 29801147 prime?
False
Is 51272869 prime?
True
Is 42197411 a prime number?
True
Is 9128219 a composite number?
False
Is 1035917 prime?
True
Is 1236161 composite?
False
Is 113477209 prime?
True
Is 16855151 a composite number?
False
Is 49793131 composite?
True
Is 45093029 prime?
True
Is 5449601 composite?
False
Is 519589353 composite?
True
Is 12605039 a composite number?
False
Is 5651707 a prime number?
True
Is 98203 a prime number?
False
Is 41729477 a composite number?
False
Is 2029613 a composite number?
True
Is 278981 a composite number?
False
Is 74886703 prime?
False
Is 3116539 prime?
False
Is 6012893 prime?
True
Is 347455 a prime number?
False
Is 509105791 a composite number?
False
Is 4813373 a composite number?
False
Is 347651 a composite number?
False
Is 659019787 composite?
False
Is 4431851 prime?
True
Is 101656333 prime?
True
Is 196737 composite?
True
Is 455957 a composite number?
True
Is 264377011 a composite number?
True
Is 791357 a composite number?
True
Is 5558989 prime?
False
Is 12879869 prime?
False
Is 132523117 prime?
False
Is 211288081 a prime number?
True
Is 3130861 prime?
False
Is 3685403 a composite number?
False
Is 4191013 composite?
False
Is 741767 composite?
True
Is 4645343 a composite number?
False
Is 30203143 prime?
False
Is 72024037 composite?
True
Is 71845769 a composite number?
False
Is 537921095 a composite number?
True
Is 2758937 a prime number?
True
Is 8179649 a composite number?
True
Is 6998633 composite?
True
Is 43426607 a prime number?
False
Is 2454619 composite?
False
Is 2989633 prime?
True
Is 2437847 a composite number?
False
Is 2115629 composite?
False
Is 1252379 a prime number?
False
Is 14638271 a composite number?
True
Is 85900219 prime?
False
Is 14720819 prime?
True
Is 71635561 prime?
True
Is 2100253 a prime number?
True
Is 43159255 composite?
True
Is 63740221 a composite number?
True
Is 16281007 a prime number?
False
Is 171617279 composite?
True
Is 23156591 a prime number?
True
Is 86604839 composite?
False
Is 10859759 a prime number?
False
Is 294811 a composite number?
True
Is 95508821 prime?
False
Is 88750589 prime?
False
Is 8419231 prime?
True
Is 431957 a prime number?
False
Is 15467359 a composite number?
False
Is 44555731 a prime number?
False
Is 93420911 a composite number?
False
Is 12336811 composite?
False
Is 7106534 prime?
False
Is 319287127 a prime number?
False
Is 9407617 prime?
True
Is 2337737 a composite number?
False
Is 3197847179 a composite number?
False
Is 311172517 prime?
False
Is 140646743 prime?
True
Is 9847777 prime?
False
Is 318359135 prime?
False
Is 13351865 prime?
False
Is 1084001 prime?
True
Is 11548057 a composite number?
False
Is 26705207 prime?
True
Is 9265517 a prime number?
True
Is 119003239 a prime number?
False
Is 1045246 prime?
False
Is 15002407 composite?
True
Is 34019591 prime?
False
Is 394969273 composite?
True
Is 69079007 a prime number?
False
Is 329304089 a prime number?
True
Is 163342693 composite?
False
Is 601115429 composite?
False
Is 8379829 a prime number?
False
Is 750811 composite?
True
Is 130030493 composite?
True
Is 6269689 a composite number?
False
Is 186823379 composite?
True
Is 74391193 composite?
True
Is 5098679 a prime number?
True
Is 1704251 a prime number?
True
Is 8880637 a composite number?
False
Is 94777171 prime?
True
Is 350911031 prime?
False
Is 74446007 prime?
True
Is 81233663 prime?
False
Is 404483 composite?
False
Is 2823281 prime?
False
Is 17326637 a prime number?
False
Is 32864849 a prime number?
True
Is 5051185 a composite number?
True
Is 3429109 prime?
True
Is 128111747 composite?
True
Is 41053799 a composite number?
False
Is 49952899 a composite number?
False
Is 31891147 prime?
True
Is 5692735 composite?
True
Is 129791087 composite?
False
Is 254686921 composite?
False
Is 2425173 a composite number?
True
Is 2261867 a composite number?
True
Is 6612557 composite?
True
Is 50369537 prime?
False
Is 495598207 composite?
True
Is 4227143 prime?
False
Is 112252249 a prime number?
True
Is 104056751 a prime number?
False
Is 248243 prime?
True
Is 52047679 a composite number?
False
Is 154754251 prime?
True
Is 2084633 prime?
False
Is 7684723 a composite number?
True
Is 1249799 a composite number?
False
Is 23681473 a prime number?
True
Is 1753537 composite?
False
Is 1826245 prime?
False
Is 1188281 composite?
True
Is 1807229 a prime number?
False
Is 47859869 prime?
True
Is 928769 a composite number?
False
Is 227455049 a composite number?
False
Is 6132751 prime?
True
Is 610746139 composite?
False
Is 4648757 composite?
False
Is 3746651 composite?
False
Is 10932869 prime?
False
Is 575783773 composite?
True
Is 62594647 a prime number?
False
Is 162173447 a prime number?
True
Is 3232063 a prime number?
True
Is 27350227 a composite number?
False
Is 1811107 a prime number?
True
Is 22152299 a composite number?
True
Is 363257 prime?
True
Is 4939853 composite?
False
Is 44259071 a prime number?
True
Is 4660861 composite?
False
Is 1180991 composite?
True
Is 44318863 composite?
False
Is 160807 a prime number?
True
Is 23207783 a prime number?
False
Is